-2*s**2 - 17*s - 9. Let d = -11 - -3. Let t be x(d). What is the units digit of (290/(-15) + t)*-3?
1
Let g(w) = w**2 + 5*w + 4. Let o be g(-4). Suppose -3*u - a = -6*a - 60, 2*a = o. Suppose -6*k = -k - u, 3*k = 2*v - 40. What is the tens digit of v?
2
Let l be -1 + 2*(2 + 0). Let v(z) = 15 + 0*z**l + 3*z**3 + 9*z**2 - 25*z**2 - 2*z**3 - 16*z. What is the units digit of v(17)?
2
Let p(o) = -o**3 - 7*o**2 - o - 3. Let r be p(-7). Let x(c) = 0*c + c + 0*c - r*c. What is the units digit of x(-5)?
5
Suppose -3*k + 2*l = -1 - 0, 3*l - 6 = 2*k. Let c(n) = -n**2 + 3*n. Let z be c(k). Suppose z = -0*r + 2*r - 56. What is the units digit of r?
8
Let q(t) = -t**3 - 9*t**2 + 1. Let x be q(-9). Suppose -16 = -5*d - x. What is the units digit of d?
3
Let b(r) = 33*r**2 - 2*r + 1. Let x be b(1). Let g = x + -50. What is the tens digit of g/(-12)*(-88)/(-3)?
4
Suppose -3*q - 1564 = -u, 3*u = 5*q - 86 + 4790. What is the units digit of u?
3
Let l = 22 - 20. Suppose 2*y = -l*j + 130, -j + 47 = -6*y + y. What is the tens digit of j?
6
Suppose 11*d - 4395 = 38. What is the hundreds digit of d?
4
Suppose x - 2*y + 3*y = -17, -5*x = -2*y + 64. Let v be (-7)/2*12/x. Suppose 0 = v*d + 3 - 135. What is the tens digit of d?
4
Suppose 0 = -4*d - 5*z + 2510, 4*z + 1284 = 5*d - 1833. What is the units digit of d?
5
Let v(n) = -n**3 + 3*n**2 + 9*n + 5. Let r be v(5). Let m(k) be the first derivative of k**4/4 - k**3/3 + 32*k + 4. What is the units digit of m(r)?
2
Let y(d) = -3*d**2 + 76*d + 34. What is the units digit of y(23)?
5
What is the thousands digit of (-210)/(-1575) - 41246/(-30)?
1
Let k(b) = 11*b**2 - 2*b - 34 + b + 43. What is the hundreds digit of k(4)?
1
Suppose s + 4*s - 3*t - 2995 = 0, 2*s - t = 1197. Suppose -13*a = -9*a - s. What is the hundreds digit of a?
1
Suppose 4*r - 2*r = 34. Let a = -15 + r. Let f = a + 5. What is the units digit of f?
7
Suppose 3*r = 2*c + 2, 3*r + 3*c = -r + 14. Suppose k + 4 = r*b - 64, -2*b + 3*k + 72 = 0. What is the units digit of b?
3
Let d be -2 + -2 + 2 - -4. Suppose 9 = -d*f - 1. What is the tens digit of 4/f*2*-15?
2
Let c(n) = n**2 - 9*n - 12. Let m be c(-6). Suppose 7*i - 6*i = m. What is the tens digit of i?
7
Suppose 90 = 4*b + 2*b. What is the units digit of (1/(-10) - 6/b)*-20?
0
Suppose 10*a = 2330 + 1550. Suppose -3*p - 22 = -a. What is the units digit of p?
2
Let k(u) = -u**2 - 8*u - 8. Let s be k(-6). Suppose 0 = 2*p - 5*f - 1, -s*p - 28 = -0*p - 4*f. Let q = p + 34. What is the tens digit of q?
2
What is the units digit of (-12 + 2)*(-571)/5?
2
Let w(m) = 835*m - 405. What is the hundreds digit of w(3)?
1
Let x(w) = 17*w**3 + 2*w**2 + w - 7. What is the hundreds digit of x(3)?
4
Let k = 2379 + -1491. What is the units digit of k?
8
Suppose -3*t + 636 = 2*y - 538, 4*t - y = 1558. What is the units digit of t?
0
Let u = 61 - 37. Suppose 2*s + 3*v - 13 = 0, 0 = -4*s + 5*v + 43 + 16. Suppose w - 23 = -2*t, -s = -w + t + u. What is the units digit of w?
1
Suppose o - 3*o = -878. Suppose -t - 3 = 0, 38 = -4*q + 3*t + o. Suppose -5*l + 104 = 4*n, -5*n = -3*l - 6 + q. What is the tens digit of l?
2
Let h be 8 - ((-8)/4 + 4). Suppose i - 10 = 3*k, -7*i - 4*k = -2*i - 88. Let t = i - h. What is the tens digit of t?
1
Let p(k) = -79*k - 733. What is the units digit of p(-14)?
3
Let t = -8 + 20. Let f = t + -7. Suppose -5*w + f*z + 90 = 0, 5 = -4*z + 3*z. What is the units digit of w?
3
What is the hundreds digit of (5 + 16)*5/(45/129)?
3
What is the units digit of (11693/55 - -4) + 3/(-5)?
6
Suppose 4*x - 5*x = -10. What is the tens digit of x/(-40) - 225/(-4)?
5
Suppose -2*n = -5*l - 50, 5*n - l - 94 = 8. Let o = n + 8. What is the tens digit of (-12)/o + 860/14?
6
Let n = -58 + 69. Suppose -n*v + 9*v + 150 = 0. What is the units digit of v?
5
What is the hundreds digit of (2 + 2)*(-3)/12 - -197?
1
Let k be (-26)/(-5) + 15/(-75). Suppose -22 = -4*m + k*i, -2*m - 4 = -4*m - i. What is the units digit of (m/(-4))/((-3)/156)?
9
Let j(m) = -m**3 - 13*m**2 + 6*m + 62. What is the hundreds digit of j(-14)?
1
Let o = -709 + 1236. What is the tens digit of o?
2
Let k(w) = w + 33. Let o be k(-10). Suppose -6*s = -761 + o. What is the units digit of s?
3
Suppose -z - 2*z + 8 = t, -5*z + 5 = 0. Suppose t*x + 90 = 10*x. What is the units digit of x?
8
Suppose 2*o = -2*o + 284. Suppose -k - 2*k = -5*d + o, -2*k + d - 52 = 0. What is the tens digit of (-2 - k - -3)/2?
1
Let a(p) = 6*p - 1. Let q be a(1). Suppose 0 = -11*c + q*c + 1080. Let n = c + -110. What is the tens digit of n?
7
Let p be (-1 - 7/(-3))*(-9)/(-6). Suppose -o = p*o - 195. What is the units digit of o?
5
Suppose -250 - 170 = -4*f. Let c = -31 + f. What is the units digit of c?
4
What is the tens digit of 95584/96 - (-2)/6?
9
Let n(y) = -y**2 + 4*y - 1. Let m be n(2). Let b be (90/27)/((-4)/(-6)). Suppose 0 = m*k - b*t - 21, -5*k + 2*t = t - 13. What is the units digit of k?
2
Suppose -8*z - 250 = -2810. What is the tens digit of z?
2
Let f(w) be the first derivative of -27*w**2/2 + 9*w + 17. What is the tens digit of f(-3)?
9
Let b(s) = 2*s**2. Let c be b(-2). Suppose 4*w = 3*k - 4*k + 12, 4*w = 4*k - c. Suppose -21 = -m - w*o, -m = -2*o - 2*o - 27. What is the units digit of m?
3
Let d be (-6)/4*(7 + -1). What is the tens digit of (d - -96)/((-1)/(-3))?
6
Let l(x) = -4*x + 1. Let g be l(1). What is the tens digit of (g/(-5))/((-1)/(-105))?
6
Suppose 4*j - 125 = -5*r + 69, j + 214 = 5*r. Suppose -2*v + 54 = -r. What is the tens digit of v?
4
Let u = 758 + -376. What is the units digit of u?
2
Let l be 255/(-2)*12/(-5). Suppose 3*o + 2*o = 4*s + 390, -4*o = -2*s - l. What is the tens digit of o?
7
Let t be (4 - 3 - 0)/(2/4). Suppose t*q + 4*q - 258 = 0. What is the units digit of q?
3
Suppose -3*u = -s - 12, 5*s + 13 = 3*u + 1. Suppose s = 4*y - y - 6. What is the tens digit of y/(-11) - (-2220)/110?
2
Let s(w) = -461*w**3 + 2*w**2 + w - 1. What is the units digit of s(-1)?
1
Suppose 3*p = 4*t - 292, 4*p - 2*t = -4*t - 382. Let g = -124 + 263. Let b = p + g. What is the tens digit of b?
4
Let s = -88 + 83. What is the units digit of s/(-15) + (-575)/(-3)?
2
Suppose n - 7*q + 2*q - 11 = 0, -3*q - 44 = -4*n. Let c(s) = s**3 - 11*s**2 + s + 9. What is the units digit of c(n)?
0
Suppose -2*x + 37 = -3. Let i = x - -6. Suppose -3*h = -25 - i. What is the tens digit of h?
1
Suppose 1 = 4*b + 3*s - 1, -5*b - 15 = -5*s. Suppose 18 = 2*j - 5*y - 6, 3*y - 34 = -j. What is the tens digit of b/(-2) - (-1221)/j?
5
Let j = 859 + 2524. What is the units digit of j?
3
Let x(f) = 90*f + 111. What is the units digit of x(5)?
1
Let h(t) = 14*t**2 - t + 2. Let w = 33 + -32. Let z be h(w). What is the tens digit of (-708)/(-8)*10/z?
5
Let y be 14/35 + (-1716)/(-10). Let n = y + -92. What is the units digit of n?
0
Suppose 3*f - 984 = 6*f + 3*j, -1630 = 5*f + 3*j. Let q = f - -452. What is the hundreds digit of q?
1
Suppose -3*w = -70 + 61, 0 = 4*o - w - 10173. What is the thousands digit of o?
2
Let j(y) = 234*y - 907. What is the tens digit of j(15)?
0
Let b(w) = -w**3 - 4*w**2 - 6*w - 6. Let o be b(-4). Let m(d) = 24*d**2 - 22*d**2 + 2*d + d**3 - o*d**2 + 5. What is the units digit of m(16)?
7
Suppose -24 = -r - 2*r - 3*s, 3*s = 2*r - 6. Let h be (-2 - (-15)/r)*4. What is the units digit of 8 + (h - (5 + -2))?
7
Let i be 3/(((-6)/(-7))/((-12)/(-21))). Suppose 2*x - 4*h - 52 = -i*h, 32 = x + h. What is the units digit of x?
9
What is the hundreds digit of 1 - (-1 + (-518 - 2))?
5
Let x be 24/4*15/9. Let n = 1 - 1. What is the units digit of (2 - n)/(5/x)?
4
Let w = 707 + -536. What is the hundreds digit of w?
1
Let x(p) = -15*p**3 - 25*p**2 - 22*p - 63. Let n(o) = -7*o**3 - 13*o**2 - 11*o - 31. Let z(s) = 13*n(s) - 6*x(s). What is the units digit of z(-19)?
4
Suppose 56*r - 47*r - 360 = 0. What is the units digit of r?
0
Let h(i) = i**2 + 234. What is the units digit of h(13)?
3
Suppose -5 = -f, 8*f - 65 = -5*j + 3*f. Let d be j + 1 + (-3 - -1). Suppose 120 = -d*g + 12*g. What is the tens digit of g?
2
Let v be 6 - (-1)/(-1)*1*4. What is the hundreds digit of v - 523/(-3) - (-14)/21?
1
Let v(c) = 8*c + 39*c + 3 - 2. Let a = -1597 - -1598. What is the units digit of v(a)?
8
Let i = -1031 + 1445. What is the tens digit of i?
1
Let a = 22 + -16. Suppose -4*j = -18 + a. Suppose -j*